{"id":1096,"date":"2021-11-19T16:22:48","date_gmt":"2021-11-19T16:22:48","guid":{"rendered":"http:\/\/www.spelcor.com.pe\/?post_type=product&#038;p=1096"},"modified":"2021-11-19T16:22:48","modified_gmt":"2021-11-19T16:22:48","slug":"gancho-de-retencion-star4","status":"publish","type":"product","link":"https:\/\/www.spelcor.com.pe\/?product=gancho-de-retencion-star4","title":{"rendered":"Gancho de Retenci\u00f3n STAR4"},"content":{"rendered":"<p>El sistema de retenci\u00f3n de veh\u00edculos Kelley STAR4 ofrece un mayor nivel de automatizaci\u00f3n y comodidad al acoplar el protector de impacto trasero de un veh\u00edculo y lo mantiene en su lugar durante el proceso de carga y descarga. El brazo de retenci\u00f3n se eleva y baja autom\u00e1ticamente al tocar un bot\u00f3n mediante un sistema de operaci\u00f3n lineal confiable y la barra de sensor exclusiva detecta y comunica autom\u00e1ticamente el contacto entre el gancho y el protector de impacto trasero del remolque. El controlador l\u00f3gico programable (PLC) ofrece m\u00e1s flexibilidad para satisfacer las necesidades cambiantes de su instalaci\u00f3n. A nivel mundial, las empresas est\u00e1n optando por un sistema de retenci\u00f3n de remolque seguro y activado por energ\u00eda como el STAR4 para reducir los gastos innecesarios.<\/p>\n<div id=\"u23829-4\" class=\"clearfix colelem\" data-muse-uid=\"U23829\" data-muse-type=\"txt_frame\" data-ibe-flags=\"txtStyleSrc\">\n<p>Especificaciones T\u00e9cnicas<\/p>\n<\/div>\n<div id=\"u23684-19\" class=\"clearfix colelem\" data-muse-uid=\"U23684\" data-muse-type=\"txt_frame\" data-ibe-flags=\"txtStyleSrc\">\n<ul id=\"u23684-17\" class=\"list0 nls-None\">\n<li>El dispositivo de no impacto permite una larga y confiable vida al gancho<\/li>\n<li>Restricci\u00f3n de fuerza de 30,000 libras<\/li>\n<li>Rango de operaci\u00f3n de 11&#8243; a 30&#8243;<\/li>\n<li>Funciona con todos los tipos de impacto trasero y guardias<\/li>\n<li>F\u00e1cil de instalar<\/li>\n<li>Pr\u00e1cticamente no requiere de mantenimiento<\/li>\n<li>Incluye, tanto dentro como fuera, un sistema de luces de comunicaci\u00f3n rojo\/verde<\/li>\n<li>Barra de sensores patentada que comunica el contacto entre el gancho y la barra ICC (barra de protecci\u00f3n baja en la parte posterior)<\/li>\n<\/ul>\n<\/div>\n","protected":false},"excerpt":{"rendered":"<p>El sistema de retenci\u00f3n de veh\u00edculos Kelley STAR4 ofrece un mayor nivel de automatizaci\u00f3n y comodidad al acoplar el protector de impacto trasero de un veh\u00edculo y lo mantiene en su lugar durante el proceso de carga y descarga.<\/p>\n","protected":false},"featured_media":1098,"comment_status":"open","ping_status":"closed","template":"","meta":[],"product_cat":[31,27],"product_tag":[],"yoast_head":"<!-- This site is optimized with the Yoast SEO Premium plugin v17.6 (Yoast SEO v17.6) - https:\/\/yoast.com\/wordpress\/plugins\/seo\/ -->\n<title>Gancho de Retenci\u00f3n STAR4 - Spelcor<\/title>\n<meta name=\"description\" content=\"El sistema de retenci\u00f3n de veh\u00edculos Kelley STAR4 ofrece un mayor nivel de automatizaci\u00f3n y comodidad al acoplar el protector de impacto trasero de un veh\u00edculo y lo mantiene en su lugar durante el proceso de carga y descarga.\" \/>\n<meta name=\"robots\" content=\"index, follow, max-snippet:-1, max-image-preview:large, max-video-preview:-1\" \/>\n<link rel=\"canonical\" href=\"https:\/\/www.spelcor.com.pe\/?product=gancho-de-retencion-star4\" \/>\n<meta property=\"og:locale\" content=\"es_ES\" \/>\n<meta property=\"og:type\" content=\"article\" \/>\n<meta property=\"og:title\" content=\"Gancho de Retenci\u00f3n STAR4\" \/>\n<meta property=\"og:description\" content=\"El sistema de retenci\u00f3n de veh\u00edculos Kelley STAR4 ofrece un mayor nivel de automatizaci\u00f3n y comodidad al acoplar el protector de impacto trasero de un veh\u00edculo y lo mantiene en su lugar durante el proceso de carga y descarga.\" \/>\n<meta property=\"og:url\" content=\"https:\/\/www.spelcor.com.pe\/?product=gancho-de-retencion-star4\" \/>\n<meta property=\"og:site_name\" content=\"Spelcor\" \/>\n<meta property=\"og:image\" content=\"https:\/\/www.spelcor.com.pe\/wp-content\/uploads\/2021\/11\/Gancho-retenedor-de-trailer-Kelley-Star-4.jpg\" \/>\n\t<meta property=\"og:image:width\" content=\"566\" \/>\n\t<meta property=\"og:image:height\" content=\"440\" \/>\n<meta name=\"twitter:card\" content=\"summary_large_image\" \/>\n<meta name=\"twitter:label1\" content=\"Tiempo de lectura\" \/>\n\t<meta name=\"twitter:data1\" content=\"1 minuto\" \/>\n<script type=\"application\/ld+json\" class=\"yoast-schema-graph\">{\"@context\":\"https:\/\/schema.org\",\"@graph\":[{\"@type\":\"WebSite\",\"@id\":\"http:\/\/www.spelcor.com.pe\/#website\",\"url\":\"http:\/\/www.spelcor.com.pe\/\",\"name\":\"Spelcor\",\"description\":\"Equipamiento e Ingenieria Industrial\",\"potentialAction\":[{\"@type\":\"SearchAction\",\"target\":{\"@type\":\"EntryPoint\",\"urlTemplate\":\"http:\/\/www.spelcor.com.pe\/?s={search_term_string}\"},\"query-input\":\"required name=search_term_string\"}],\"inLanguage\":\"es\"},{\"@type\":\"ImageObject\",\"@id\":\"https:\/\/www.spelcor.com.pe\/?product=gancho-de-retencion-star4#primaryimage\",\"inLanguage\":\"es\",\"url\":\"https:\/\/www.spelcor.com.pe\/wp-content\/uploads\/2021\/11\/Gancho-retenedor-de-trailer-Kelley-Star-4.jpg\",\"contentUrl\":\"https:\/\/www.spelcor.com.pe\/wp-content\/uploads\/2021\/11\/Gancho-retenedor-de-trailer-Kelley-Star-4.jpg\",\"width\":566,\"height\":440},{\"@type\":\"WebPage\",\"@id\":\"https:\/\/www.spelcor.com.pe\/?product=gancho-de-retencion-star4#webpage\",\"url\":\"https:\/\/www.spelcor.com.pe\/?product=gancho-de-retencion-star4\",\"name\":\"Gancho de Retenci\\u00f3n STAR4 - Spelcor\",\"isPartOf\":{\"@id\":\"http:\/\/www.spelcor.com.pe\/#website\"},\"primaryImageOfPage\":{\"@id\":\"https:\/\/www.spelcor.com.pe\/?product=gancho-de-retencion-star4#primaryimage\"},\"datePublished\":\"2021-11-19T16:22:48+00:00\",\"dateModified\":\"2021-11-19T16:22:48+00:00\",\"description\":\"El sistema de retenci\\u00f3n de veh\\u00edculos Kelley STAR4 ofrece un mayor nivel de automatizaci\\u00f3n y comodidad al acoplar el protector de impacto trasero de un veh\\u00edculo y lo mantiene en su lugar durante el proceso de carga y descarga.\",\"breadcrumb\":{\"@id\":\"https:\/\/www.spelcor.com.pe\/?product=gancho-de-retencion-star4#breadcrumb\"},\"inLanguage\":\"es\",\"potentialAction\":[{\"@type\":\"ReadAction\",\"target\":[\"https:\/\/www.spelcor.com.pe\/?product=gancho-de-retencion-star4\"]}]},{\"@type\":\"BreadcrumbList\",\"@id\":\"https:\/\/www.spelcor.com.pe\/?product=gancho-de-retencion-star4#breadcrumb\",\"itemListElement\":[{\"@type\":\"ListItem\",\"position\":1,\"name\":\"Portada\",\"item\":\"http:\/\/www.spelcor.com.pe\/\"},{\"@type\":\"ListItem\",\"position\":2,\"name\":\"Tienda\",\"item\":\"https:\/\/www.spelcor.com.pe\/?page_id=968\"},{\"@type\":\"ListItem\",\"position\":3,\"name\":\"Gancho de Retenci\\u00f3n STAR4\"}]}]}<\/script>\n<!-- \/ Yoast SEO Premium plugin. -->","yoast_head_json":{"title":"Gancho de Retenci\u00f3n STAR4 - Spelcor","description":"El sistema de retenci\u00f3n de veh\u00edculos Kelley STAR4 ofrece un mayor nivel de automatizaci\u00f3n y comodidad al acoplar el protector de impacto trasero de un veh\u00edculo y lo mantiene en su lugar durante el proceso de carga y descarga.","robots":{"index":"index","follow":"follow","max-snippet":"max-snippet:-1","max-image-preview":"max-image-preview:large","max-video-preview":"max-video-preview:-1"},"canonical":"https:\/\/www.spelcor.com.pe\/?product=gancho-de-retencion-star4","og_locale":"es_ES","og_type":"article","og_title":"Gancho de Retenci\u00f3n STAR4","og_description":"El sistema de retenci\u00f3n de veh\u00edculos Kelley STAR4 ofrece un mayor nivel de automatizaci\u00f3n y comodidad al acoplar el protector de impacto trasero de un veh\u00edculo y lo mantiene en su lugar durante el proceso de carga y descarga.","og_url":"https:\/\/www.spelcor.com.pe\/?product=gancho-de-retencion-star4","og_site_name":"Spelcor","og_image":[{"width":566,"height":440,"url":"https:\/\/www.spelcor.com.pe\/wp-content\/uploads\/2021\/11\/Gancho-retenedor-de-trailer-Kelley-Star-4.jpg","type":"image\/jpeg"}],"twitter_card":"summary_large_image","twitter_misc":{"Tiempo de lectura":"1 minuto"},"schema":{"@context":"https:\/\/schema.org","@graph":[{"@type":"WebSite","@id":"http:\/\/www.spelcor.com.pe\/#website","url":"http:\/\/www.spelcor.com.pe\/","name":"Spelcor","description":"Equipamiento e Ingenieria Industrial","potentialAction":[{"@type":"SearchAction","target":{"@type":"EntryPoint","urlTemplate":"http:\/\/www.spelcor.com.pe\/?s={search_term_string}"},"query-input":"required name=search_term_string"}],"inLanguage":"es"},{"@type":"ImageObject","@id":"https:\/\/www.spelcor.com.pe\/?product=gancho-de-retencion-star4#primaryimage","inLanguage":"es","url":"https:\/\/www.spelcor.com.pe\/wp-content\/uploads\/2021\/11\/Gancho-retenedor-de-trailer-Kelley-Star-4.jpg","contentUrl":"https:\/\/www.spelcor.com.pe\/wp-content\/uploads\/2021\/11\/Gancho-retenedor-de-trailer-Kelley-Star-4.jpg","width":566,"height":440},{"@type":"WebPage","@id":"https:\/\/www.spelcor.com.pe\/?product=gancho-de-retencion-star4#webpage","url":"https:\/\/www.spelcor.com.pe\/?product=gancho-de-retencion-star4","name":"Gancho de Retenci\u00f3n STAR4 - Spelcor","isPartOf":{"@id":"http:\/\/www.spelcor.com.pe\/#website"},"primaryImageOfPage":{"@id":"https:\/\/www.spelcor.com.pe\/?product=gancho-de-retencion-star4#primaryimage"},"datePublished":"2021-11-19T16:22:48+00:00","dateModified":"2021-11-19T16:22:48+00:00","description":"El sistema de retenci\u00f3n de veh\u00edculos Kelley STAR4 ofrece un mayor nivel de automatizaci\u00f3n y comodidad al acoplar el protector de impacto trasero de un veh\u00edculo y lo mantiene en su lugar durante el proceso de carga y descarga.","breadcrumb":{"@id":"https:\/\/www.spelcor.com.pe\/?product=gancho-de-retencion-star4#breadcrumb"},"inLanguage":"es","potentialAction":[{"@type":"ReadAction","target":["https:\/\/www.spelcor.com.pe\/?product=gancho-de-retencion-star4"]}]},{"@type":"BreadcrumbList","@id":"https:\/\/www.spelcor.com.pe\/?product=gancho-de-retencion-star4#breadcrumb","itemListElement":[{"@type":"ListItem","position":1,"name":"Portada","item":"http:\/\/www.spelcor.com.pe\/"},{"@type":"ListItem","position":2,"name":"Tienda","item":"https:\/\/www.spelcor.com.pe\/?page_id=968"},{"@type":"ListItem","position":3,"name":"Gancho de Retenci\u00f3n STAR4"}]}]}},"_links":{"self":[{"href":"https:\/\/www.spelcor.com.pe\/index.php?rest_route=\/wp\/v2\/product\/1096"}],"collection":[{"href":"https:\/\/www.spelcor.com.pe\/index.php?rest_route=\/wp\/v2\/product"}],"about":[{"href":"https:\/\/www.spelcor.com.pe\/index.php?rest_route=\/wp\/v2\/types\/product"}],"replies":[{"embeddable":true,"href":"https:\/\/www.spelcor.com.pe\/index.php?rest_route=%2Fwp%2Fv2%2Fcomments&post=1096"}],"wp:featuredmedia":[{"embeddable":true,"href":"https:\/\/www.spelcor.com.pe\/index.php?rest_route=\/wp\/v2\/media\/1098"}],"wp:attachment":[{"href":"https:\/\/www.spelcor.com.pe\/index.php?rest_route=%2Fwp%2Fv2%2Fmedia&parent=1096"}],"wp:term":[{"taxonomy":"product_cat","embeddable":true,"href":"https:\/\/www.spelcor.com.pe\/index.php?rest_route=%2Fwp%2Fv2%2Fproduct_cat&post=1096"},{"taxonomy":"product_tag","embeddable":true,"href":"https:\/\/www.spelcor.com.pe\/index.php?rest_route=%2Fwp%2Fv2%2Fproduct_tag&post=1096"}],"curies":[{"name":"wp","href":"https:\/\/api.w.org\/{rel}","templated":true}]}}