{"id":1051,"date":"2021-11-19T15:17:57","date_gmt":"2021-11-19T15:17:57","guid":{"rendered":"http:\/\/www.spelcor.com.pe\/?post_type=product&#038;p=1051"},"modified":"2021-11-19T15:31:24","modified_gmt":"2021-11-19T15:31:24","slug":"nivelador-neumatico-kelley","status":"publish","type":"product","link":"https:\/\/www.spelcor.com.pe\/?product=nivelador-neumatico-kelley","title":{"rendered":"Nivelador Neum\u00e1tico Kelley"},"content":{"rendered":"<p>Kelley revolucion\u00f3 la industria en 1994 al integrar la tecnolog\u00eda de elevaci\u00f3n de bolsas de aire al anden de carga, introduciendo el nivelador de anden accionado por aire. Este innovador producto es simple, duradero y contiene piezas m\u00f3viles m\u00ednimas, para que la operaci\u00f3n funcione de manera limpia. El nivelador de muelle de la serie Kelley aFX\u00ae lleva el muelle de carga al siguiente nivel de rendimiento, a\u00f1adiendo un dise\u00f1o patentado de la tecnolog\u00eda airDefense\u00ae. Cuando su almac\u00e9n necesita un rendimiento seguro y potente a un precio asequible, los niveladores de muelle de aire de la serie aFX son su mejor opci\u00f3n.<br \/>\nPaquete completo que incluye el montaje de la cubierta protectora del motor, guardapi\u00e9s con rango total de operaci\u00f3n, montantes de soporte integral para and\u00e9n y el cierre del labio.<\/p>\n<div id=\"u24055-33\" class=\"clearfix grpelem\" data-muse-uid=\"U24055\" data-muse-type=\"txt_frame\" data-ibe-flags=\"txtStyleSrc\">\n<p id=\"u24055-2\">Caracter\u00edsticas Principales:<\/p>\n<ul id=\"u24055-31\" class=\"list0 nls-None\">\n<li>Exclusivo dise\u00f1o SafeTFrame<\/li>\n<li>Bisagra de labio abierta y estructura de viga \u201cLambda\u201d<\/li>\n<li>Sistema de elevaci\u00f3n de alto volumen y baja presi\u00f3n<\/li>\n<li>Dise\u00f1o de bajo mantenimiento<\/li>\n<li>Extensi\u00f3n autom\u00e1tica del labio GRAVITY LIP, exclusivo<\/li>\n<li>Panel de control por botones no met\u00e1licos Nema 4X (sin interbloqueo)<\/li>\n<li>Operaci\u00f3n monof\u00e1sica de 120V \u00f3 220V<\/li>\n<li>Dise\u00f1o de sub marco abierto<\/li>\n<li>Guardapi\u00e9s con rango total de operaci\u00f3n<\/li>\n<li>Capacidad para finalizar la carga debajo del and\u00e9n<\/li>\n<li>Labio est\u00e1ndar de 16\u201d<\/li>\n<li>Bisagra posterior fija, sin puntos que representen riesgo de atascamiento<\/li>\n<li>Cerrojo de soporte de montaje y labio para mantenimiento integral<\/li>\n<li>Topes de and\u00e9n B410-14F de gran capacidad<\/li>\n<\/ul>\n<\/div>\n","protected":false},"excerpt":{"rendered":"<p>Es la rampa preferida a nivel mundial para la industria del almacenaje y alojamiento temporal. Paquete completo que incluye el montaje de la cubierta protectora del motor, guardapi\u00e9s con rango total de operaci\u00f3n, montantes de soporte integral para and\u00e9n y el cierre del labio.<\/p>\n","protected":false},"featured_media":1053,"comment_status":"open","ping_status":"closed","template":"","meta":[],"product_cat":[27,25],"product_tag":[],"yoast_head":"<!-- This site is optimized with the Yoast SEO Premium plugin v17.6 (Yoast SEO v17.6) - https:\/\/yoast.com\/wordpress\/plugins\/seo\/ -->\n<title>Nivelador Neum\u00e1tico Kelley - Spelcor<\/title>\n<meta name=\"description\" content=\"Kelley revolucion\u00f3 la industria en 1994 al integrar la tecnolog\u00eda de elevaci\u00f3n de bolsas de aire al anden de carga, introduciendo el nivelador de anden accionado por aire.\" \/>\n<meta name=\"robots\" content=\"index, follow, max-snippet:-1, max-image-preview:large, max-video-preview:-1\" \/>\n<link rel=\"canonical\" href=\"https:\/\/www.spelcor.com.pe\/?product=nivelador-neumatico-kelley\" \/>\n<meta property=\"og:locale\" content=\"es_ES\" \/>\n<meta property=\"og:type\" content=\"article\" \/>\n<meta property=\"og:title\" content=\"Nivelador Neum\u00e1tico Kelley\" \/>\n<meta property=\"og:description\" content=\"Kelley revolucion\u00f3 la industria en 1994 al integrar la tecnolog\u00eda de elevaci\u00f3n de bolsas de aire al anden de carga, introduciendo el nivelador de anden accionado por aire.\" \/>\n<meta property=\"og:url\" content=\"https:\/\/www.spelcor.com.pe\/?product=nivelador-neumatico-kelley\" \/>\n<meta property=\"og:site_name\" content=\"Spelcor\" \/>\n<meta property=\"article:modified_time\" content=\"2021-11-19T15:31:24+00:00\" \/>\n<meta property=\"og:image\" content=\"https:\/\/www.spelcor.com.pe\/wp-content\/uploads\/2021\/11\/Nivelador-Kelly-neumatico-2-1.jpg\" \/>\n\t<meta property=\"og:image:width\" content=\"600\" \/>\n\t<meta property=\"og:image:height\" content=\"435\" \/>\n<meta name=\"twitter:card\" content=\"summary_large_image\" \/>\n<meta name=\"twitter:label1\" content=\"Tiempo de lectura\" \/>\n\t<meta name=\"twitter:data1\" content=\"2 minutos\" \/>\n<script type=\"application\/ld+json\" class=\"yoast-schema-graph\">{\"@context\":\"https:\/\/schema.org\",\"@graph\":[{\"@type\":\"WebSite\",\"@id\":\"http:\/\/www.spelcor.com.pe\/#website\",\"url\":\"http:\/\/www.spelcor.com.pe\/\",\"name\":\"Spelcor\",\"description\":\"Equipamiento e Ingenieria Industrial\",\"potentialAction\":[{\"@type\":\"SearchAction\",\"target\":{\"@type\":\"EntryPoint\",\"urlTemplate\":\"http:\/\/www.spelcor.com.pe\/?s={search_term_string}\"},\"query-input\":\"required name=search_term_string\"}],\"inLanguage\":\"es\"},{\"@type\":\"ImageObject\",\"@id\":\"https:\/\/www.spelcor.com.pe\/?product=nivelador-neumatico-kelley#primaryimage\",\"inLanguage\":\"es\",\"url\":\"https:\/\/www.spelcor.com.pe\/wp-content\/uploads\/2021\/11\/Nivelador-Kelly-neumatico-2-1.jpg\",\"contentUrl\":\"https:\/\/www.spelcor.com.pe\/wp-content\/uploads\/2021\/11\/Nivelador-Kelly-neumatico-2-1.jpg\",\"width\":600,\"height\":435},{\"@type\":\"WebPage\",\"@id\":\"https:\/\/www.spelcor.com.pe\/?product=nivelador-neumatico-kelley#webpage\",\"url\":\"https:\/\/www.spelcor.com.pe\/?product=nivelador-neumatico-kelley\",\"name\":\"Nivelador Neum\\u00e1tico Kelley - Spelcor\",\"isPartOf\":{\"@id\":\"http:\/\/www.spelcor.com.pe\/#website\"},\"primaryImageOfPage\":{\"@id\":\"https:\/\/www.spelcor.com.pe\/?product=nivelador-neumatico-kelley#primaryimage\"},\"datePublished\":\"2021-11-19T15:17:57+00:00\",\"dateModified\":\"2021-11-19T15:31:24+00:00\",\"description\":\"Kelley revolucion\\u00f3 la industria en 1994 al integrar la tecnolog\\u00eda de elevaci\\u00f3n de bolsas de aire al anden de carga, introduciendo el nivelador de anden accionado por aire.\",\"breadcrumb\":{\"@id\":\"https:\/\/www.spelcor.com.pe\/?product=nivelador-neumatico-kelley#breadcrumb\"},\"inLanguage\":\"es\",\"potentialAction\":[{\"@type\":\"ReadAction\",\"target\":[\"https:\/\/www.spelcor.com.pe\/?product=nivelador-neumatico-kelley\"]}]},{\"@type\":\"BreadcrumbList\",\"@id\":\"https:\/\/www.spelcor.com.pe\/?product=nivelador-neumatico-kelley#breadcrumb\",\"itemListElement\":[{\"@type\":\"ListItem\",\"position\":1,\"name\":\"Portada\",\"item\":\"http:\/\/www.spelcor.com.pe\/\"},{\"@type\":\"ListItem\",\"position\":2,\"name\":\"Tienda\",\"item\":\"https:\/\/www.spelcor.com.pe\/?page_id=968\"},{\"@type\":\"ListItem\",\"position\":3,\"name\":\"Nivelador Neum\\u00e1tico Kelley\"}]}]}<\/script>\n<!-- \/ Yoast SEO Premium plugin. -->","yoast_head_json":{"title":"Nivelador Neum\u00e1tico Kelley - Spelcor","description":"Kelley revolucion\u00f3 la industria en 1994 al integrar la tecnolog\u00eda de elevaci\u00f3n de bolsas de aire al anden de carga, introduciendo el nivelador de anden accionado por aire.","robots":{"index":"index","follow":"follow","max-snippet":"max-snippet:-1","max-image-preview":"max-image-preview:large","max-video-preview":"max-video-preview:-1"},"canonical":"https:\/\/www.spelcor.com.pe\/?product=nivelador-neumatico-kelley","og_locale":"es_ES","og_type":"article","og_title":"Nivelador Neum\u00e1tico Kelley","og_description":"Kelley revolucion\u00f3 la industria en 1994 al integrar la tecnolog\u00eda de elevaci\u00f3n de bolsas de aire al anden de carga, introduciendo el nivelador de anden accionado por aire.","og_url":"https:\/\/www.spelcor.com.pe\/?product=nivelador-neumatico-kelley","og_site_name":"Spelcor","article_modified_time":"2021-11-19T15:31:24+00:00","og_image":[{"width":600,"height":435,"url":"https:\/\/www.spelcor.com.pe\/wp-content\/uploads\/2021\/11\/Nivelador-Kelly-neumatico-2-1.jpg","type":"image\/jpeg"}],"twitter_card":"summary_large_image","twitter_misc":{"Tiempo de lectura":"2 minutos"},"schema":{"@context":"https:\/\/schema.org","@graph":[{"@type":"WebSite","@id":"http:\/\/www.spelcor.com.pe\/#website","url":"http:\/\/www.spelcor.com.pe\/","name":"Spelcor","description":"Equipamiento e Ingenieria Industrial","potentialAction":[{"@type":"SearchAction","target":{"@type":"EntryPoint","urlTemplate":"http:\/\/www.spelcor.com.pe\/?s={search_term_string}"},"query-input":"required name=search_term_string"}],"inLanguage":"es"},{"@type":"ImageObject","@id":"https:\/\/www.spelcor.com.pe\/?product=nivelador-neumatico-kelley#primaryimage","inLanguage":"es","url":"https:\/\/www.spelcor.com.pe\/wp-content\/uploads\/2021\/11\/Nivelador-Kelly-neumatico-2-1.jpg","contentUrl":"https:\/\/www.spelcor.com.pe\/wp-content\/uploads\/2021\/11\/Nivelador-Kelly-neumatico-2-1.jpg","width":600,"height":435},{"@type":"WebPage","@id":"https:\/\/www.spelcor.com.pe\/?product=nivelador-neumatico-kelley#webpage","url":"https:\/\/www.spelcor.com.pe\/?product=nivelador-neumatico-kelley","name":"Nivelador Neum\u00e1tico Kelley - Spelcor","isPartOf":{"@id":"http:\/\/www.spelcor.com.pe\/#website"},"primaryImageOfPage":{"@id":"https:\/\/www.spelcor.com.pe\/?product=nivelador-neumatico-kelley#primaryimage"},"datePublished":"2021-11-19T15:17:57+00:00","dateModified":"2021-11-19T15:31:24+00:00","description":"Kelley revolucion\u00f3 la industria en 1994 al integrar la tecnolog\u00eda de elevaci\u00f3n de bolsas de aire al anden de carga, introduciendo el nivelador de anden accionado por aire.","breadcrumb":{"@id":"https:\/\/www.spelcor.com.pe\/?product=nivelador-neumatico-kelley#breadcrumb"},"inLanguage":"es","potentialAction":[{"@type":"ReadAction","target":["https:\/\/www.spelcor.com.pe\/?product=nivelador-neumatico-kelley"]}]},{"@type":"BreadcrumbList","@id":"https:\/\/www.spelcor.com.pe\/?product=nivelador-neumatico-kelley#breadcrumb","itemListElement":[{"@type":"ListItem","position":1,"name":"Portada","item":"http:\/\/www.spelcor.com.pe\/"},{"@type":"ListItem","position":2,"name":"Tienda","item":"https:\/\/www.spelcor.com.pe\/?page_id=968"},{"@type":"ListItem","position":3,"name":"Nivelador Neum\u00e1tico Kelley"}]}]}},"_links":{"self":[{"href":"https:\/\/www.spelcor.com.pe\/index.php?rest_route=\/wp\/v2\/product\/1051"}],"collection":[{"href":"https:\/\/www.spelcor.com.pe\/index.php?rest_route=\/wp\/v2\/product"}],"about":[{"href":"https:\/\/www.spelcor.com.pe\/index.php?rest_route=\/wp\/v2\/types\/product"}],"replies":[{"embeddable":true,"href":"https:\/\/www.spelcor.com.pe\/index.php?rest_route=%2Fwp%2Fv2%2Fcomments&post=1051"}],"wp:featuredmedia":[{"embeddable":true,"href":"https:\/\/www.spelcor.com.pe\/index.php?rest_route=\/wp\/v2\/media\/1053"}],"wp:attachment":[{"href":"https:\/\/www.spelcor.com.pe\/index.php?rest_route=%2Fwp%2Fv2%2Fmedia&parent=1051"}],"wp:term":[{"taxonomy":"product_cat","embeddable":true,"href":"https:\/\/www.spelcor.com.pe\/index.php?rest_route=%2Fwp%2Fv2%2Fproduct_cat&post=1051"},{"taxonomy":"product_tag","embeddable":true,"href":"https:\/\/www.spelcor.com.pe\/index.php?rest_route=%2Fwp%2Fv2%2Fproduct_tag&post=1051"}],"curies":[{"name":"wp","href":"https:\/\/api.w.org\/{rel}","templated":true}]}}